of x?
677
Let l = 0 + -16. Let n = l + 20. Suppose -74 = -n*t + 130. List the prime factors of t.
3, 17
Let z = 71 + 73. List the prime factors of z.
2, 3
Let a(z) be the third derivative of 0 + 2/3*z**3 + 0*z + 5*z**2 - 1/24*z**4. What are the prime factors of a(-6)?
2, 5
What are the prime factors of (108/(-5))/(14/(-245))?
2, 3, 7
Let p(v) = -v**3 - 25*v**2 + 73*v + 116. What are the prime factors of p(-31)?
7, 11, 47
What are the prime factors of ((-36)/30)/((-3)/10) - -96?
2, 5
Suppose -2*g - 38 = 66. Let f = -18 - g. What are the prime factors of f?
2, 17
Let g be 2 + (0 - 24/2). Let r be (-3)/(-15) + (-38)/g. Suppose -r*w = -7*w + 9. What are the prime factors of w?
3
Let p = -103 + 174. Suppose -p = 10*c - 911. What are the prime factors of c?
2, 3, 7
Let d be 66/8 + 6/8. Suppose 0 = -g - 13 + d. Let q(n) = -6*n + 3. What are the prime factors of q(g)?
3
Suppose -4*x + 4 = 2*y, y + 35 = 5*x - 4*y. Suppose 0*s = -x*s + 12. What are the prime factors of 2/(2/(80/s))?
2, 5
Let z = -58 + 24. Let u = 39 + z. List the prime factors of u.
5
Suppose -4*x = 3*f + 7, -5*f + 7*x + 35 = 2*x. Suppose 0 = 2*b - f*b + 26. Suppose -5*s + 75 = 5*n, 3*s - b = n + 31. What are the prime factors of s?
2, 3
Let z(g) = g**2 - 6*g + 7. Let j be z(5). Suppose -f = 2*s - 112, 5*s = -5*f + j*f + 280. List the prime factors of s.
2, 7
Let i be (-285)/(-9) + (-10)/6. Suppose i = 3*v - 114. List the prime factors of v.
2, 3
Let m(v) = -v**2 + 7*v + 9. Let l be m(6). Suppose -h = 2*h - l. Suppose 0 = 4*a - 4*q - 68, h*q = -3*a - 0*a + 27. List the prime factors of a.
2, 7
Let l = -1 + 3. Suppose -l = -2*f + 4. Let s = 12 - f. List the prime factors of s.
3
Suppose 25 = -3*i + 5*i + 3*w, w - 13 = -i. What are the prime factors of (10 + -5)*i + 2?
2, 3
Suppose -204 = 3*s - 1155. List the prime factors of s.
317
Suppose -3*b - 1557 = -3*f, b + 2 = 3. What are the prime factors of f?
2, 5, 13
Suppose -4*u - 5*v - 6 = -u, 3*u - 3*v - 18 = 0. Suppose -2*c = -r + 258, -246 = u*r - 5*c - 1015. List the prime factors of r.
2, 31
Let b(x) be the first derivative of x**5/60 + 3*x**4 + 4*x**3 - 2. Let u(q) be the third derivative of b(q). What are the prime factors of u(0)?
2, 3
Suppose d + 5*p = -3*d + 45, -57 = -4*d - p. Let u = d - 25. What are the prime factors of ((-116)/u)/((-6)/(-15))?
29
Suppose 0 = -210*m + 214*m - 6216. List the prime factors of m.
2, 3, 7, 37
Let r(b) = -b**3 + 10*b**2 - 8*b - 5. Let d be r(8). Suppose -20*i = -19*i - d. List the prime factors of i.
59
Suppose 12 = 5*t + b, -2*b + 6 = t - 3*b. Let j = 7 + -2. Suppose 2*p + t*p - 5 = -4*l, j*p = -l - 10. List the prime factors of l.
5
Let l(i) = 2*i**2 - 10*i - 100. Let n be l(10). Let y(s) = 18*s. Let a be y(1). Suppose n = c + c + 5*m - 18, -2*c + a = -2*m. What are the prime factors of c?
3
Suppose -25*w + 21*w = -48. List the prime factors of w.
2, 3
Let x = -2 + 0. Let n = x - -12. Suppose -58 = -2*t - 4*v, 4*t - 4*v - 66 + n = 0. What are the prime factors of t?
19
Suppose -n - 2*m + 4*m + 61 = 0, -5*n = -5*m - 315. Let h = n - -23. What are the prime factors of h?
2, 11
Suppose 3*b - 684 - 822 = 0. List the prime factors of b.
2, 251
Suppose 0 = 98*u - 88*u - 49480. What are the prime factors of u?
2, 1237
Let v(j) = j**3 - 6*j**2 - 21*j - 1. Let q(n) = 2*n**3 - 13*n**2 - 43*n - 1. Let z(r) = -6*q(r) + 13*v(r). What are the prime factors of z(7)?
3, 7, 11
Suppose x - 3 = s + 3*x, -x - 12 = -3*s. Let m(o) = o**3 + 1 + o**2 + o**s - o**3 + 4*o + 4*o**2. List the prime factors of m(-3).
7
Let z(h) = 2*h + 7. Let b(u) = -u - 4. Let f(t) = -5*b(t) - 3*z(t). Let v be f(-6). Suppose -83 = -v*y - 8. List the prime factors of y.
3, 5
Let r be (232/(-10))/(26/130). Let i = 199 + r. List the prime factors of i.
83
Let y(o) = -3*o - 5. Let c be y(-2). Let a(h) = 12*h - 2 + 11*h + 10*h. What are the prime factors of a(c)?
31
List the prime factors of (-49782)/(-18) - (-55)/(-33).
2, 691
Suppose 5*c = -15, 2*l + l - 5*c = 1296. List the prime factors of l.
7, 61
Suppose -3*n - 180 = -5*i, i + 222 - 42 = -3*n. Let a be -2 + 85 - (-6 - -4). Let k = a + n. List the prime factors of k.
5
Suppose -n = -n - n. Suppose -4*s + 1394 = -3*w + 224, -2*s - 5*w + 598 = n. What are the prime factors of s?
2, 3, 7
Suppose 0 = -7*c + 4*c - 3. Let s be (-29)/(-6) + c/(-6). Suppose s*v - 10 = 4*v. What are the prime factors of v?
2, 5
Suppose -d + 5*b = 4*d + 40, -d - 9 = -2*b. Let k = 6 + d. What are the prime factors of (k + (-10)/6)*-12?
2
Let i be (-1)/(1071/(-539) + 2*1). Let w = -56 - i. What are the prime factors of w?
3, 7
Let i = 971 + -477. What are the prime factors of i?
2, 13, 19
Let z = -7 - 1. Let c(j) = -j + 20. List the prime factors of c(z).
2, 7
Let k be (-4)/22 + 3136/(-176). Let t = k - -23. Suppose -3*i = -14 + t. What are the prime factors of i?
3
Suppose 2*s + 4*x - 959 = 1551, -4*x = -s + 1249. List the prime factors of s.
7, 179
Let f = -1105 - -1589. What are the prime factors of f?
2, 11
Let k(i) = i. Let p be k(3). Let o be 386/26 - 8/(-52). Suppose -o = 2*u - p*u. List the prime factors of u.
3, 5
Suppose -3*q + g + 1054 = 0, 18 - 2 = -4*g. List the prime factors of q.
2, 5, 7
Let g = 61 + -45. What are the prime factors of 908/g + (-3)/4?
2, 7
Let p be (-2 - (-18)/10) + 1596/30. Suppose -b + 2*g + 254 = 0, g - 186 = -b + p. List the prime factors of b.
2, 61
Suppose b - 117 = -3*s + 20, 5*s = -4*b + 219. List the prime factors of s.
47
Let i = 38 + -41. List the prime factors of 285 - (i - 12/(-6)).
2, 11, 13
Let a be (-134)/11 + 2/11. Let w = 14 + a. What are the prime factors of ((-37)/w)/(9/(-18))?
37
Let i(b) = b**2 - 1. Let l(f) = 3*f - 184. Let q(v) = i(v) - l(v). Let t be q(0). Suppose 2*m - 5*m = -t. What are the prime factors of m?
61
List the prime factors of (-21)/(-9) - 3 - (-72648)/27.
2, 5, 269
Let k(h) = -27*h**2 - h - 5. Let g(n) = 27*n**2 + n + 4. Let r(u) = 4*g(u) + 3*k(u). Let m be r(-1). Let f = 38 - m. What are the prime factors of f?
11
Let v(z) = z**3 + 3*z**2 + z. Let c(m) = m + 8. Let w be c(-10). Let o be v(w). Suppose 4*b = -o*y + 12, -2 + 8 = 2*b + 5*y. What are the prime factors of b?
3
Let q = 11 + -9. Let g = q + -24. Let a = g - -44. What are the prime factors of a?
2, 11
Suppose -8 = -7*b + 6. List the prime factors of (-3)/(-9) + 293/3 - b.
2, 3
Suppose -4*l = -2*v + 3384, -3*l = 9*v - 14*v + 8481. What are the prime factors of v?
2, 3, 283
Let t(g) = 5 - 2 - 5 + 1. Let c(o) = -o**2 + 19*o - 17. Let w(s) = c(s) - 6*t(s). What are the prime factors of w(18)?
7
Suppose 8*y - y - 329 = 0. Suppose 0 = -5*b + n + 216, -129 - y = -4*b + 4*n. List the prime factors of b.
43
Let l = 67 + -1. Let k = 113 - l. What are the prime factors of k?
47
Suppose -2*p + 3*b + 8 = 0, 2*p - b = -0*p + 8. Suppose 295 = p*o - 133. What are the prime factors of o?
107
Let d(w) be the second derivative of w**5/60 - w**4/8 + 2*w**3/3 - 3*w**2/2 - 3*w. Let c(t) be the first derivative of d(t). List the prime factors of c(6).
2, 11
Suppose -3*q + 39 + 3681 = 0. Suppose 8*b = -2*b + q. List the prime factors of b.
2, 31
Let c = -1611 + 2726. Suppose 10*x - c = 5*x. What are the prime factors of x?
223
Suppose -9*j - 3131 + 22256 = 0. List the prime factors of j.
5, 17
Suppose 3*q = 10*q - 7. List the prime factors of (q - 0)*(209 + 4)*1.
3, 71
Let d = -188 + 497. List the prime factors of d.
3, 103
Let g(s) = s**3 + 6*s**2 + s + 4. Let m be g(-6). List the prime factors of 475/10 - (-1)/m.
47
Suppose -3*b - 290 = -4*a + 3*a, 560 = 2*a + 4*b. List the prime factors of a.
2, 71
Suppose -56*c = -64*c + 1976. List the prime factors of c.
13, 19
Let x be (-2514)/(-36) - 1/(-6). Suppose x = 2*y - 20. List the prime factors of y.
3, 5
Suppose 29 = 2*j - 19. Let k = j + -17. Let f(h) = -h**3 + 7*h**2 + 4*h - 8. List the prime factors of f(k).
2, 5
Suppose -3*t - 162 - 137 = -5*c, -2*t - 200 = -4*c. Let l = -53 - t. Let n = -24 + l. What are the prime factors of n?
3, 7
Suppose 8*l = 5*l + 6. Suppose -l*v + 27 = -23. What are the prime factors of v?
5
Let u(r) = -3*r - 8. Let j be u(-4). Let y(b) = -b**2 + 3*b + 4. Let l be y(j). Suppose 5*v - 80 = -l*v. List the prime factors of v.
2
Let x = 1225 + -322. Suppose 5*h + 33 = x. List the prime factors of h.
2, 3, 29
Let o(p) = -42*p + 15. Let n b